 t*o - 207 = -o - 3*u. What is the hundreds digit of o?
2
Let k(b) = b**3 - b**2 + 5*b - 19. Suppose 5*v + 38 = -3*f - 35, -3*v = -2*f + 59. Let a = v - -23. What is the hundreds digit of k(a)?
1
Let i(r) = -4*r - 16. Let a be i(-7). Suppose -6 + 54 = a*s. Suppose 6*z - s*z = 166. What is the units digit of z?
3
Let i = -28280 + 43425. What is the thousands digit of i?
5
Suppose n - 4*r + 1673 = 13097, 0 = n - 3*r - 11426. What is the tens digit of n?
3
Suppose 0 = -4*y + 5*i + 14006, -2*y = -5*i - 70 - 6928. What is the units digit of y?
4
Let p(w) be the second derivative of 3*w**4/2 - 7*w**3/6 - 57*w**2/2 - 16*w - 2. What is the hundreds digit of p(-5)?
4
Let a = -970 + 2174. Let j = a - 626. What is the hundreds digit of j?
5
Suppose -3*o - 5*b = 3, 2*b - 18 = -2*o + 4*o. Let u = 236 - o. What is the units digit of u?
2
Suppose 0 = -5*n - 25, 3*d = 6*n - 3*n - 1005. Let p = d - -892. What is the tens digit of p?
5
Let s(j) = -596*j - 1520. Let b be s(-5). Let y = 1752 + -942. Suppose 10*w - y - b = 0. What is the hundreds digit of w?
2
Suppose -s + 12 = -11. Suppose -2*y - 4*r = 0, -y - 2*r = -3*r - 6. Suppose s = 4*w + 3*g, 0*w + 19 = 3*w + y*g. What is the units digit of w?
5
Let f = -65644 - -139087. What is the tens digit of f?
4
Let n = 8997 + -2271. What is the tens digit of n?
2
Suppose -5*n = -3*f + 212246, 0 = 3*f - 132*n + 137*n - 212236. What is the hundreds digit of f?
7
Suppose 35028 = 6*l - 52523 + 4319. What is the tens digit of l?
7
What is the tens digit of 4/6*21965 - -8*6/(-144)?
4
Let q(y) = -y**3 + 20*y**2 + 59*y - 9. What is the hundreds digit of q(21)?
7
Suppose 0 = c + 6*c - 21. Let j(w) = 11*w**2 + c*w**2 + 6*w**2 - 5*w + 1 - w**3 - 14*w. What is the units digit of j(19)?
1
Suppose h = 5*g + 18, 0*h = -4*h - 5*g - 28. What is the hundreds digit of -2 + -2 - h - (-2 + -240)?
2
Suppose 8 = -2*m + i, -3*m + 2*i - 12 = -m. Let p be (-7)/(-14)*(-2 - m). Suppose p = -4*v + 5*v - 103. What is the tens digit of v?
0
Let v(j) be the second derivative of 3*j**3 - 109*j**2/2 - 5*j. What is the tens digit of v(29)?
1
Let m = -98 + 94. Let k = 1 - m. Suppose 0 = -g + 3*s + 28, -g + 3*g = -k*s + 12. What is the units digit of g?
6
Let o(s) = s**3 - 7*s**2 - 26*s + 27. Let n be o(12). Suppose 0 = 3*r - n - 399. What is the units digit of r?
8
Suppose -8*v - 7*v = -12*v. Suppose 4*z + n = 6*z - 315, v = -n - 3. What is the units digit of z?
6
Suppose -271*f = 28*f - 4972434 - 4270254. What is the thousands digit of f?
0
Let g be -1 - (-1 + 2) - (-19 - -1). What is the units digit of 286 + 9/2 + g/(-32)?
0
Suppose -11*d + 11382 = 1680. Suppose 5*r - 50 = -5*a + 2145, -2*a - 4*r + d = 0. What is the hundreds digit of a?
4
Let c = 237 - 87. Suppose -c = 3*l - 4*h, 9 = -h - 2*h. What is the units digit of 1055/9 + 4/l*3?
7
Let v be 39 + ((-2)/(-3))/(4/6). Suppose 0 = -13*y + 5*y + v. Suppose 3*t = -m + 96, y*m - 2*t - 356 = m. What is the tens digit of m?
9
What is the ten thousands digit of (1/2)/((-2 - -5)/375414)?
6
Suppose -2*q - 43 = -11. What is the units digit of 201 - (q/(-6) - (-2)/6)?
8
Let d(b) be the second derivative of b**5/20 - b**3 - 5*b**2 - 18*b. Let t be d(6). Suppose z - 3*z = -q + 25, -5*q = -z - t. What is the tens digit of q?
3
Suppose 100 = 2*w - 5*j, -2*j = 2*w - 5*j - 108. Let l = w + -39. Suppose -l = -5*u + 3*c + 37, -c + 74 = 5*u. What is the units digit of u?
4
Suppose -26665 = -5*t + 5*x, x = -4*t - x + 21302. What is the units digit of t?
8
Suppose 59*a - 55*a = 1680. What is the hundreds digit of (-1457)/(-5) - 168/a?
2
Let a(d) = -13 + 11 - 34*d - 19 + 48*d + 429*d. What is the hundreds digit of a(2)?
8
Let o = -7976 + 18047. What is the thousands digit of o?
0
Suppose 0 = 20*x - 12033 - 15831 - 7516. What is the units digit of x?
9
Suppose h + 5*f = 14955, -278*h - 2*f - 74721 = -283*h. What is the units digit of h?
5
Let f(r) = -13*r - 5. Let w be f(1). Let a = w + 17. What is the units digit of (-5)/4 - a - 2765/(-20)?
8
Suppose 22 - 18 = f. Suppose 0 = 3*z + 3 + 9, 3*x - 817 = f*z. Suppose 3*s = -n + x, -s + 60 = -3*n - 39. What is the tens digit of s?
9
Let s(c) = 105*c**2 - 5*c + 33. Let k be s(3). Suppose 2*o + 4884 = 9*z - 4*z, -z = -5*o - k. What is the hundreds digit of z?
9
Let y(g) = 2*g**2 + 9*g - 715. What is the tens digit of y(-96)?
5
What is the tens digit of (-48)/5*(-21525)/42?
2
Let g(u) = -u**3 + 18*u**2 - 23*u + 11. Suppose -10*s = -26 - 64. Let t be g(s). Suppose 4*d - t = -101. What is the tens digit of d?
0
Suppose 5*z + x = -25 + 87, -4*x + 8 = 0. Suppose 2*w + 2*w - 4*c = 24, 4*w - c = z. What is the tens digit of (-2106)/(-24) + 3/(10 + w)?
8
Let w = -19 + 38. Let n(h) = -3 + 22*h**2 - 2*h - 12*h**2 + w*h**2 + 20*h**2. What is the units digit of n(-2)?
7
Let r(u) = 30*u**3 - u**2. Let p(g) = -3*g**2 + 2*g - 18. Let s(h) = -h**2 + h - 1. Let a(c) = p(c) - 4*s(c). Let l be a(5). What is the tens digit of r(l)?
2
Let m(x) = 8*x**2 + 2*x + 6. Suppose y = -3*y + 3*r, 0 = 3*y + 5*r. Suppose -2*b - q = q, b + 5*q + 12 = y. What is the units digit of m(b)?
4
Suppose -4*j + 5*a + 13 = -0*j, -2*a = 4*j - 6. Suppose -4*c + 20 = 0, -4*o = -j*c - 1091 + 293. What is the tens digit of o?
0
Suppose -2*u + 1320 = 4*d, -321 = -2*d + d - 5*u. Let i = 230 + d. What is the hundreds digit of i?
5
Suppose l + 3*l - 4*s + 28 = 0, 5*s - 20 = 0. What is the tens digit of (-19 - -13)*23/l?
4
Let q = 8660 - 620. What is the tens digit of q?
4
Let o = 1049 - -854. What is the thousands digit of o?
1
What is the ten thousands digit of (12964/(-4167))/(2/(-15867))?
2
Suppose 12*y - 78196 = -90971 + 201775. What is the tens digit of y?
5
Suppose 4*t - 458 = 2*f, 117 = 5*t - 4*t - 3*f. Suppose -404 = -7*b + t. What is the units digit of b?
4
Suppose -4*h = 5*h - 2*h. Let c = 128 + h. Let u = c + -58. What is the tens digit of u?
7
Let a be (7 + -2)*(3 + (-3 - -1)). Suppose -2*l = a*l. Suppose l = 5*p - 64 - 186. What is the tens digit of p?
5
What is the hundreds digit of 1*(9/(-12) + 1564771/52 - -3)?
0
Suppose -59*a + 61*a + 5*b - 12656 = 0, -6361 = -a + 3*b. What is the thousands digit of a?
6
Let d(m) = m**3 + 7*m**2 - 46*m - 22. Let u be d(-11). Suppose -3*k = -9, g + k - 538 = -u*g. What is the units digit of g?
5
Suppose -3*l + 1893 = -3*o, 0 = 3*o + 2*l - 3*l + 1897. Let x be 7924/(-18) + 12/54. Let q = x - o. What is the hundreds digit of q?
1
Let w(u) = 17*u - 76. Let n be w(-9). Let o = n + 488. What is the units digit of o?
9
Suppose -4*w = 4*i - 20, -4*i + 11 = 3*w - 6. What is the units digit of (i*2 + 21/(-14))*54?
5
Let f(a) = a**2 - 17*a + 6. Suppose -4*b = 4*j - 52, 2*b - 9 = -j - 0. Let d be f(j). What is the tens digit of (-199 + -20)*(-2)/d?
7
Let m(r) = 5*r**3 - 8*r - 13. Let v be m(-2). Let l = 215 + v. What is the units digit of l?
8
Suppose 0 = 5*u + o + 4*o + 330, -5*u + 2*o - 302 = 0. Let v be -144 + 2 - 21/(-3). Let a = u - v. What is the units digit of a?
3
Let j = 1588 + -1188. What is the hundreds digit of j?
4
Suppose -4*p - 8*k = -3*k - 1244, 4*p = 3*k + 1212. Suppose -2023 - p = -17*t. What is the tens digit of t?
3
Let q(u) = -14*u + 8 + u**3 - 14*u + 7*u - 49 + 17*u**2 + 11. What is the hundreds digit of q(-13)?
9
Suppose 16*v = -33*v + 22540. Let u = v + 44. What is the units digit of u?
4
Let z(q) = 379*q - 10. Let d(n) = 1. Let t(p) = 2*d(p) + z(p). What is the units digit of t(3)?
9
Suppose 0 = 31*x + 21*x - 345696. What is the thousands digit of x?
6
What is the thousands digit of (-70155)/12*(11/11 + -5)?
3
Let w be 3 - 14*1/(-2) - 3. Suppose -h + 5 = 0, -w*h - 260 = -5*k - 3*h. What is the units digit of k?
6
Let k be -2 + -1 + (-17 - -22). Suppose -k*m - 182 = 4*f, -3*f - 4 = -f. Let l = m + 283. What is the tens digit of l?
9
Let x(d) = 411*d**2 - 39*d - 25. What is the hundreds digit of x(-3)?
7
Let t(c) = 8*c**2 - 5*c + 7. Let y be (-1*2)/((-18)/27). Let n be t(y). Let r = n - 63. What is the units digit of r?
1
Let o(z) = -z**2 - 4*z**2 + 1 + 2 + 5*z - 3*z**3. Let b(l) = l**3 + 54*l**2 + 105*l + 47. Let m be b(-52). What is the tens digit of o(m)?
2
Let n(r) = -r**3 + 16*r**2 + 2*r - 32. Let f be n(16). Suppose -11*s + 9*s + 158 = f. Suppose 2*y - s = -35. What is the units digit of y?
2
Let w(q) = q**2 - 10*q + 15. Let j be w(14). Suppose 3*n + 5*l = -